320160. What is the units digit of j?
2
Suppose -4 = -2*x, -5*t - 2*x + 4*x = 39. Let v(d) = 6*d**2 + 8*d + 5. What is the tens digit of v(t)?
4
What is the hundreds digit of 3/24*-10 + 0 + 8020584/416?
2
Let h be 1 + (5 - 8) + 7. Suppose -4*k = -5*j + 10*j - 1479, 5*j = -h*k + 1475. What is the tens digit of j?
9
Let i(v) = -5*v - 26. Let x be i(-5). Let l be -1 - -1 - (-7140)/(-5). What is the units digit of (14/(-4) - x)*l/70?
1
Let m = -9 - -6. Let t be 1/(m/(-954)*3). What is the hundreds digit of ((-12)/(-2))/(-2) + t?
1
Suppose 0 = -101*o + 108*o - 1561. What is the units digit of (-8 - 24/(-3)) + o*2?
6
Let y be (-42552)/120 + (1 - 7/5). Let d = y - -545. What is the units digit of d?
0
Suppose -5*k - 57 = 33. Let u be 2/(k/3)*27. Let q = u - -70. What is the tens digit of q?
6
Let q = 76 + 160. Suppose -4*v = -4*r + q + 252, -2*v + 4*r - 240 = 0. Let y = 176 + v. What is the tens digit of y?
5
Let c(u) = u**2 - 3*u - 9. Suppose -5*d + a + 176 = 0, 4*d + 5*a - 32 = 132. Suppose 6 = -d*i + 34*i. What is the units digit of c(i)?
9
Let x(d) = 337*d**3 - 8*d**2 - 76*d + 338. What is the ten thousands digit of x(4)?
2
Suppose -309*w + 2894835 = -14*w. What is the hundreds digit of w?
8
Suppose -3814 = -2*y + 4*a, 2*y = -a + 1870 + 1959. What is the tens digit of y?
1
Suppose 11 = 3*k - 2*d, -2*k + d = 2*k - 13. Let w be k*(1/3 + 10/15). Suppose 0 = -3*r + 3*l + 550 - 4, w*r + 5*l - 546 = 0. What is the tens digit of r?
8
Let c(m) = -15*m - 10*m - 25*m + 3*m - 7. Let u be c(-3). What is the units digit of u/14 - (-36)/(-63)?
9
Suppose 0 = 2*v - 4*z + 12, 5*v + 0*v - 5*z = -5. Suppose -37 = -v*f + 211. Let n = f - -6. What is the tens digit of n?
6
Let v(j) = -j**3 - j**2 + 3*j + 3. Let o be v(0). Suppose -o*m = 3*t - 18, 4*m = t + 13 + 26. Suppose 5*h = m*h - 420. What is the tens digit of h?
0
Let d be (-30)/(-35) - 440/56. Let z(l) = 36*l**2 + 13*l - 54. What is the thousands digit of z(d)?
1
Let s = -401 + 410. Let v(z) = -z**3 + 10*z**2 - 4*z - 36. What is the units digit of v(s)?
9
Let n(i) = -2*i**2 + 15*i - 23. Let w be n(5). Suppose -3*h + 3*d - 4 = -25, w*h - 22 = -2*d. What is the units digit of h?
9
Suppose z - 9 = -2*z. Suppose z*x = -4*m + 2, 2*x - 7*x + 11 = -m. Let b(q) = 7*q**3 + q**2 - 5*q + 3. What is the tens digit of b(x)?
5
Suppose -3*g = -2*v - 150604, -v + 251037 = -9687*g + 9692*g. What is the tens digit of g?
0
Let g = 52 - 19. Let r = g + -30. Suppose -4*l + 406 = 5*f - 5*l, -5*l = -r*f + 248. What is the units digit of f?
1
Suppose 2*f - 3968 = 3638. What is the tens digit of f?
0
Let z(v) = 55786*v**2 + 57*v + 54. What is the tens digit of z(-1)?
8
Let u = 160 - 158. Suppose u*v + 3*f - 1200 = 0, -2*v - 2*v + f + 2386 = 0. What is the units digit of v?
7
Let s(u) = 106*u**3 - 21*u**2 + 47*u + 6. What is the hundreds digit of s(4)?
6
Let i(p) be the third derivative of 25/6*p**3 - 5/24*p**4 + 0 + 7/30*p**5 - 6*p**2 - 1/120*p**6 + 0*p. What is the hundreds digit of i(12)?
2
Suppose 35 = 3*q + 4*i, -3*i = 4*q - 47 + 12. Suppose 0 = -q*h + 5*x + 1101 + 1144, -4*h + 3*x + 1791 = 0. What is the hundreds digit of h?
4
Let j(d) = 12*d + 522. Let b be j(-52). Suppose -2*a + 5*a + 291 = 0. Let k = a - b. What is the units digit of k?
5
Let m(a) = -2198*a - 5811. What is the thousands digit of m(-13)?
2
Suppose 17*o = 15*o - 46. Let u = o - -23. Suppose -4*s + 2*k + 198 = -0*k, s + 5*k - 55 = u. What is the tens digit of s?
5
Let k(i) = -55*i**3 - 87*i**2 - 8*i + 11. What is the thousands digit of k(-6)?
8
Let q(t) = t**3 - 8*t**2 - t - 1. Let n be q(7). Let o(m) = 17*m**3 + 8*m**2 + 8*m + 3. Let h be o(-2). Let p = n - h. What is the tens digit of p?
6
What is the tens digit of 519/((-782)/(-78) - 10)?
4
Suppose 0 = 4*w - 4*h + 7436 + 32680, 5*h - 30093 = 3*w. What is the units digit of 4/14 - (0 + w/42)?
9
Suppose 12 = 4*j - 1060. Let m = j - -101. What is the units digit of m?
9
Let i be 12 + -10 + (0 - 0) + 2. Suppose -2*n - 3*f + 0*f + i = 0, -2*n = -3*f + 20. Let v(p) = 5*p**2 - 2*p - 5. What is the units digit of v(n)?
3
Let r = 38348 + -12108. What is the tens digit of r?
4
Suppose 3 - 12 = -3*m - 4*y, 3 = m + 5*y. Suppose 2*j = -4*t + 2774, -j - m*j = -3*t + 2097. What is the units digit of t?
5
Suppose 2*n - 24 = -2*n. Let u be (-2)/n + 22/(-6). Let c(b) = -b**3 - b**2 + 6*b + 7. What is the tens digit of c(u)?
3
Let p(k) = 37*k - 12. Let o be p(-3). Let f = o + 18. What is the tens digit of (24 + 0)*f/(-30)?
8
Suppose 29*t = 52*t + 57*t - 2149120. What is the tens digit of t?
6
Let h(x) = -159*x**3 + 3*x**2 + 11*x + 20. Let u be h(-4). What is the units digit of 1 + (u/16)/((-2)/(-4))?
6
Let w = -21 + 22. Let z be (w - -1)/((10/(-106))/(-5)). Suppose 0 = -f - 31 + z. What is the units digit of f?
5
Let o(j) = -33*j + 7. Let x be o(-5). Let c be (72/6)/(-24)*(171 + -1). Let a = x + c. What is the tens digit of a?
8
Let q(z) = -z**2 + 13*z - 9. Let r be q(8). Let v = r - 33. What is the units digit of (-1)/(v/6)*(-24)/(-18)?
4
Let c(z) = -81*z - 6. Let k(u) = -40*u - 3. Suppose x = -3*q + 21, 9 + 3 = 4*q - 4*x. Let j(v) = q*c(v) - 13*k(v). What is the units digit of j(5)?
3
Let c = -202 + 215. Suppose -17985 = c*h - 46*h. What is the hundreds digit of h?
5
What is the tens digit of (((-15742)/136)/(1/4))/(-1)?
6
Let g = 182 - 187. What is the hundreds digit of (-752)/(-5) + 2/g?
1
Let d = -7387 - -12389. Suppose -9*x = -d + 1897. What is the tens digit of 6/(-3)*x/(-10)?
6
Suppose -6*j = -3 - 9. Suppose -j*w - 5*k + 281 = 0, 7*k = -4*w + 5*k + 554. What is the hundreds digit of w?
1
Suppose 7*r = -19*r + 104. Suppose -r*n + 341 = k + 75, 0 = -k - n + 254. What is the units digit of k?
0
Suppose 5*p = -s - 5305 + 13543, 0 = -s - 2*p + 8247. What is the tens digit of s?
5
Suppose 2*b = 4*u - 63218, -31589 = -2*u - 11*b + 16*b. What is the hundreds digit of u?
8
Suppose 0 = 6*f - 3*f - 36. Let h be 472/f*3*-1 - -1. What is the tens digit of 0/(3 + -1) - h*1?
1
Let d = 536 + -319. Let k = d + -140. Let o = -12 + k. What is the units digit of o?
5
Let x be (-1)/((-1)/(-19)*1). Let d(r) = r**3 + 20*r**2 + 11*r + 64. What is the tens digit of d(x)?
1
Let s = -11018 - -31690. What is the ten thousands digit of s?
2
What is the hundreds digit of ((-102)/(-85))/(((-4)/175)/(1412/(-10)))?
4
Let x = 33972 - 25010. What is the units digit of x?
2
Let a = -3843 - -6176. Suppose 3*j + p - a = 0, -3*j + 2339 = -6*p + p. What is the tens digit of j?
7
Let k(m) = m - 50. Let w be k(16). Let s be ((-51)/w)/((-1)/(-2)). Suppose -3*y = -3*r - 81, s = -r - 0. What is the tens digit of y?
2
Suppose 3*p + 5*a = 4*a - 18, -p - 2 = -a. What is the tens digit of 355/(-15)*(p + -4)?
1
Let o(m) = 3*m + 16. Let f(b) = 2*b - 2. Let q(v) = 3*f(v) - o(v). Let r be ((-16)/6)/((-1)/3). What is the units digit of q(r)?
2
Suppose -h + 1413 = 3*a + 2*a, -4*h + 3*a + 5560 = 0. Suppose -h = -2*c + 875. What is the units digit of c?
4
Let x be (10 - 39) + -3 + 4. Let i(q) = -42*q - 210. What is the units digit of i(x)?
6
Let j(d) = 2*d**2 + 11. Let x be (-8)/3 - (-2 - (-21)/9). Let z be j(x). What is the hundreds digit of (-6*z)/(3/(-3))?
1
Let p = 21604 + -11024. What is the ten thousands digit of p?
1
Let g(r) = -r**2 - 16*r + 13. Let x be g(-14). Suppose 13*o - 5*o - 984 = 0. Let m = o + x. What is the units digit of m?
4
Suppose 61*t + 102203 = 458626. What is the tens digit of t?
4
Let b(r) = -r**3 + 14*r + 29. Let k be b(-10). Suppose -v + 103 = -2*y + k, -1580 = -4*y - 2*v. What is the tens digit of y?
9
Let f(s) = -2084*s**3 + 3*s**2 - 24*s - 69. What is the tens digit of f(-2)?
6
Let r = 6439 - 3987. What is the thousands digit of r?
2
Suppose -2099 = -5*y - 8689. Let w = -888 - y. What is the units digit of w?
0
Let z(o) = -2*o**3 + 44*o**2 + 3*o + 6. What is the thousands digit of z(14)?
3
Let r(w) = 16*w**3 - 5*w**2 - 4*w + 16. Let s be r(6). Suppose 2*v = 2*i - s, 15*v = 5*i + 14*v - 8166. What is the hundreds digit of i?
6
Let i(g) = 4*g**3 - 4*g**2 - 10*g + 29397. What is the ten thousands digit of i(0)?
2
Let f(v) = -15*v**3 - 3*v**2 - 2*v - 1. Let y be f(-1). Suppose 3*k = 6, 4*p + 11 = 4*k - y. What is the hundreds digit of (4/2 + 0)/(p/(-218))?
1
Suppose 0 = 5*o + 8*o + 156. Let v(r) = 6*r + 68. Let q be v(o). What is the units digi